861 prime?
False
Is 4640717 a composite number?
False
Is 693207149 a prime number?
True
Is 8660033 composite?
False
Is 8472589 prime?
True
Is 749537 prime?
False
Is 10323671 a prime number?
False
Is 40149649 a prime number?
True
Is 3199709 prime?
True
Is 146671009 a composite number?
True
Is 225213119 a prime number?
True
Is 25121953 composite?
False
Is 121370617 a prime number?
True
Is 496609 a prime number?
True
Is 438931 prime?
False
Is 6943213 prime?
True
Is 102545521 composite?
True
Is 280702 a composite number?
True
Is 17914927 a prime number?
True
Is 476810501 a composite number?
True
Is 32654693 a composite number?
False
Is 4168183 a composite number?
True
Is 13161581 a prime number?
False
Is 12136361 prime?
True
Is 496818499 composite?
True
Is 39063533 a prime number?
False
Is 481106611 prime?
True
Is 4008013 composite?
False
Is 5037821 composite?
True
Is 3649039 a prime number?
False
Is 34752478 prime?
False
Is 8547953 a prime number?
False
Is 16574023 a prime number?
False
Is 5519 composite?
False
Is 105043753 composite?
False
Is 197465311 prime?
True
Is 5015453 composite?
False
Is 1619741 composite?
False
Is 62457293 a prime number?
True
Is 1644809 prime?
False
Is 942778 prime?
False
Is 24948233 a prime number?
True
Is 896459 prime?
False
Is 8085787 composite?
False
Is 11542931 a prime number?
True
Is 7725893 a composite number?
True
Is 3522481 composite?
True
Is 25220669 composite?
False
Is 134099221 composite?
False
Is 10505057 a composite number?
True
Is 5425643 composite?
True
Is 3397085 a composite number?
True
Is 53175499 a composite number?
True
Is 75301147 a prime number?
False
Is 27226021 a prime number?
True
Is 3178937 a composite number?
True
Is 30729 composite?
True
Is 16233873 prime?
False
Is 25364809 a prime number?
True
Is 620185715 composite?
True
Is 28915573 a composite number?
True
Is 1587389 a prime number?
True
Is 36684169 a composite number?
True
Is 427042923 a composite number?
True
Is 99083497 prime?
False
Is 259491035 composite?
True
Is 19707427 a composite number?
True
Is 124762621 a prime number?
False
Is 3235889 a composite number?
False
Is 1561379 prime?
False
Is 3511841 composite?
False
Is 1895666 a prime number?
False
Is 1334441 a prime number?
True
Is 31207969 prime?
False
Is 33029534 a composite number?
True
Is 797903 prime?
False
Is 491837 composite?
False
Is 1616051 a composite number?
True
Is 9306859 a prime number?
False
Is 91460231 prime?
False
Is 2101141 composite?
True
Is 292927 prime?
False
Is 16108387 a prime number?
True
Is 1432297 a composite number?
False
Is 2966027 a composite number?
True
Is 23262373 a prime number?
False
Is 2679581 composite?
True
Is 1654451 a composite number?
True
Is 12010501 a prime number?
True
Is 3257389 a composite number?
True
Is 25385489 a prime number?
True
Is 3314879 composite?
False
Is 4466701 a composite number?
True
Is 87947521 a prime number?
True
Is 121470469 a prime number?
True
Is 3319942 a prime number?
False
Is 185599 composite?
False
Is 5345489 prime?
True
Is 177419813 composite?
True
Is 378568587 a prime number?
False
Is 62825063 composite?
True
Is 10285757 composite?
False
Is 116849 a prime number?
True
Is 1133023 composite?
True
Is 3680489 composite?
False
Is 201503101 a composite number?
True
Is 671701 prime?
True
Is 3912401 prime?
True
Is 160429759 composite?
True
Is 181684709 prime?
False
Is 8270077 a composite number?
False
Is 1037843 composite?
True
Is 63311389 a composite number?
False
Is 1005871 a composite number?
True
Is 9103603 composite?
True
Is 36057227 a prime number?
True
Is 2161182671 prime?
True
Is 76981381 a composite number?
False
Is 425999477 composite?
False
Is 17691671 a composite number?
False
Is 198079757 prime?
False
Is 256199 composite?
False
Is 57837127 a composite number?
True
Is 56743657 a prime number?
True
Is 5770459 a prime number?
True
Is 1472941 prime?
False
Is 29474791 a prime number?
True
Is 7114439 a composite number?
True
Is 66225979 composite?
False
Is 1784182 composite?
True
Is 3015443 a prime number?
False
Is 3028763 a prime number?
True
Is 11126887 composite?
False
Is 43181269 a prime number?
True
Is 28004753 a prime number?
False
Is 305857709 composite?
False
Is 1979365 prime?
False
Is 37778833 a composite number?
False
Is 33296567 a composite number?
False
Is 135241 a prime number?
True
Is 142381103 composite?
True
Is 300483749 composite?
False
Is 2366981 a composite number?
True
Is 965639 composite?
False
Is 85008197 a prime number?
False
Is 11737627 a prime number?
False
Is 781883 a prime number?
True
Is 76003849 a composite number?
True
Is 75414387 a composite number?
True
Is 8949419 a composite number?
False
Is 21908487 a composite number?
True
Is 82064837 composite?
False
Is 654861995 prime?
False
Is 14545057 a composite number?
False
Is 202789 composite?
True
Is 8450681 composite?
False
Is 79133 prime?
True
Is 13759903 a prime number?
True
Is 59704009 a prime number?
True
Is 2447519 prime?
True
Is 179282513 a composite number?
False
Is 88094411 a composite number?
False
Is 1782527 a prime number?
True
Is 24868271 a composite number?
False
Is 12421163 a prime number?
True
Is 244768819 prime?
True
Is 11873177 a prime number?
False
Is 548550467 a prime number?
True
Is 43237627 a composite number?
False
Is 4320047 composite?
True
Is 171101 composite?
True
Is 114168317 a composite number?
False
Is 68817499 a composite number?
False
Is 72753973 a composite number?
True
Is 1352191 composite?
False
Is 11002331 a prime number?
True
Is 24974791 prime?
True
Is 14618209 a prime number?
False
Is 5504402 a composite number?
True
Is 14351 prime?
False
Is 550879031 composite?
True
Is 35298707 a prime number?
True
Is 2704519 composite?
False
Is 32165251 composite?
False
Is 109894189 composite?
False
Is 2444717 composite?
True
Is 129221227 a composite number?
False
Is 2629019 a composite number?
True
Is 23990287 prime?
True
Is 4893611 prime?
False
Is 11089853 a prime number?
False
Is 10924757 a composite number?
True
Is 80669711 composite?
False
Is 23866637 prime?
True
Is 10395941 prime?
False
Is 13459703 composite?
True
Is 1904939 prime?
True
Is 844306787 a composite number?
False
Is 204613 composite?
False
Is 48859333 composite?
True
Is 191326559 composite?
True
Is 71294941 composite?
True
Is 146585311 a composite number?
False
Is 2255465 a prime number?
False
Is 28138519 a composite number?
True
Is 147634778 a prime number?
False
Is 3188054 a composite number?
True
Is 764987 composite?
True
Is 49732079 a composite number?
False
Is 47909041 prime?
False
Is 1091939 composite?
False
Is 18138011 a prime number?
True
Is 153601067 a composite number?
False
Is 18669587 composite?
True
Is 49794263 a prime number?
False
Is 5492351 composite?
False
Is 270345314 composite?
True
Is 4261009 a prime number?
True
Is 100379863 a prime number?
True
Is 63709277 a composite number?
False
Is 12247993 a composite number?
True
Is 359610011 prime?
True
Is 267414497 composite?
True
Is 145156553 a composite number?
True
Is 33139263 a prime number?
False
Is 204987239 a prime number?
True
Is 47428967 prime?
False
Is 813107 prime?
True
Is 708182689 a composite number?
True
Is 1520249 composite?
True
Is 8021309 a prime number?
False
Is 52657 a composite number?
True
Is 118981 a prime number?
False
Is 27923827 composite?
False
Is 146902109 a prime number?
True
Is 36742187 a prime number?
False
Is 13716403 a prime number?
True
Is 7603291 a prime number?
False
Is 22833823 prime?
True
Is 51654181 a prime number?
False
Is 24951091 prime?
False
Is 60869 composite?
False
Is 9063569 composite?
False
Is 71209 a prime number?
True
Is 17666119 a composite number?
True
Is 994277 a prime number?
False
Is 269507 composite?
True
Is 698129897 composite?
True
Is 607037 a composite number?
False
Is 8117233 a composite number?
True
Is 151989881 a prime number?
True
Is 64382119 prime?
True
Is 15696217 prime?
False
Is 143456561 prime?
False
Is 794809 a composite number?
True
Is 3805357 prime?
True
Is 12599491 composite?
False
Is 106367227 prime?
True
Is 207952419 composite?
True
Is 1858247 a prime number?
False
Is 36484829 a composite number?
True
Is 10626991 composite?
False
Is 280724861 a prime number?
True
Is 214249067 prime?
False
Is 875122597 a composi